11?
2396
Calculate the remainder when 175124 is divided by 1873.
935
Calculate the remainder when 33544261 is divided by 17.
14
Calculate the remainder when 309933 is divided by 77483.
1
What is the remainder when 183141 is divided by 729?
162
What is the remainder when 317567217 is divided by 1201?
1199
Calculate the remainder when 3137654 is divided by 784395.
74
Calculate the remainder when 272047 is divided by 54354.
277
Calculate the remainder when 10912488 is divided by 964.
8
Calculate the remainder when 624004 is divided by 78000.
4
Calculate the remainder when 144084 is divided by 310.
244
Calculate the remainder when 396375079 is divided by 1834.
1829
What is the remainder when 4643577 is divided by 11638?
15
What is the remainder when 405831 is divided by 289?
75
Calculate the remainder when 36910900 is divided by 3517.
3502
Calculate the remainder when 1036304 is divided by 272.
256
What is the remainder when 9000 is divided by 8830?
170
What is the remainder when 102088754 is divided by 34029579?
17
What is the remainder when 81708 is divided by 434?
116
What is the remainder when 924940 is divided by 1861?
23
What is the remainder when 26283619 is divided by 295?
4
What is the remainder when 1570776 is divided by 986?
78
Calculate the remainder when 6389224 is divided by 475.
474
What is the remainder when 140568 is divided by 21763?
9990
What is the remainder when 2017259 is divided by 1162?
27
Calculate the remainder when 253130762 is divided by 88.
82
What is the remainder when 196296059 is divided by 4?
3
Calculate the remainder when 364718 is divided by 225.
218
What is the remainder when 519287 is divided by 129037?
3139
Calculate the remainder when 627020 is divided by 29844.
296
Calculate the remainder when 331866 is divided by 1907.
48
What is the remainder when 154529 is divided by 77150?
229
What is the remainder when 1394307 is divided by 90?
27
Calculate the remainder when 368518 is divided by 52588.
402
What is the remainder when 44901964 is divided by 33?
19
What is the remainder when 2774021 is divided by 693454?
205
Calculate the remainder when 64476 is divided by 7115.
441
Calculate the remainder when 1216532 is divided by 2220.
2192
What is the remainder when 206794 is divided by 228?
226
What is the remainder when 17519106 is divided by 967?
934
Calculate the remainder when 12291970 is divided by 130765.
60
Calculate the remainder when 233048 is divided by 12930.
308
What is the remainder when 17644 is divided by 2933?
46
What is the remainder when 140419 is divided by 5738?
2707
Calculate the remainder when 22486882 is divided by 334.
332
What is the remainder when 17372741 is divided by 4343181?
17
Calculate the remainder when 3042325 is divided by 23768.
21
What is the remainder when 83231 is divided by 1831?
836
Calculate the remainder when 332472 is divided by 36927.
129
Calculate the remainder when 84289421 is divided by 376.
373
Calculate the remainder when 14605 is divided by 78.
19
Calculate the remainder when 3997499125 is divided by 3788.
3785
What is the remainder when 1198216473 is divided by 7236?
7233
Calculate the remainder when 2648658 is divided by 1318.
796
What is the remainder when 9576647 is divided by 1533?
1529
What is the remainder when 27310482 is divided by 24?
18
Calculate the remainder when 54599 is divided by 87.
50
Calculate the remainder when 12739122 is divided by 1487.
1480
What is the remainder when 12770 is divided by 12667?
103
What is the remainder when 317605 is divided by 31193?
5675
What is the remainder when 130244 is divided by 130233?
11
Calculate the remainder when 1872770 is divided by 118.
110
Calculate the remainder when 48508 is divided by 12094.
132
Calculate the remainder when 473892 is divided by 31547.
687
What is the remainder when 4911595 is divided by 61?
58
Calculate the remainder when 99644 is divided by 958.
12
What is the remainder when 70375 is divided by 16563?
4123
What is the remainder when 9852 is divided by 1249?
1109
Calculate the remainder when 368095490 is divided by 1617.
1610
Calculate the remainder when 5133578 is divided by 1676.
1666
What is the remainder when 93291999 is divided by 664?
663
Calculate the remainder when 7097957 is divided by 49.
13
Calculate the remainder when 885510 is divided by 3402.
990
Calculate the remainder when 5394498 is divided by 28.
18
What is the remainder when 52081 is divided by 8479?
1207
What is the remainder when 12590354 is divided by 918?
902
What is the remainder when 2049271 is divided by 515?
86
Calculate the remainder when 3979688 is divided by 49746.
8
Calculate the remainder when 47676 is divided by 1581.
246
What is the remainder when 194802972 is divided by 6916?
0
Calculate the remainder when 2738622 is divided by 27945.
12
What is the remainder when 5243774 is divided by 238353?
8
What is the remainder when 177932 is divided by 637?
209
Calculate the remainder when 1651293 is divided by 1597.
1592
What is the remainder when 145372923 is divided by 46?
43
Calculate the remainder when 12028948 is divided by 18.
16
What is the remainder when 108242 is divided by 34541?
4619
Calculate the remainder when 15686996 is divided by 60.
56
What is the remainder when 28602606 is divided by 359?
358
What is the remainder when 27448680 is divided by 9?
3
What is the remainder when 14874436 is divided by 117?
109
What is the remainder when 329833653 is divided by 884?
877
What is the remainder when 340528 is divided by 7919?
11
What is the remainder when 9842454 is divided by 8?
6
What is the remainder when 1386519 is divided by 346626?
15
Calculate the remainder when 13171835 is divided by 17.
14
Calculate the remainder when 2733801 is divided by 612.
609
What is the remainder when 14810780 is divided by 721?
719
Calculate the remainder when 1054433 is divided by 351445.
98
Calculate the remainder when 47468 is divided by 15553.
809
Calculate the remainder when 14277835 is divided by 15254.
91
Calculate the remainder when 14919 is divided by 14290.
629
What is the remainder when 13683781 is divided by 37?
34
Calculate the remainder when 233200 is divided by 1275.
1150
What is the remainder when 1833012 is divided by 122?
84
What is the remainder when 137583916 is divided by 1193?
1191
What is the remainder when 1044973 is divided by 522306?
361
Calculate the remainder when 86643 is divided by 5770.
93
Calculate the remainder when 64442536 is divided by 3471.
3421
What is the remainder when 26022281 is divided by 3718?
3717
Calculate the remainder when 938955 is divided by 15382.
653
What is the remainder when 1191133 is divided by 128?
93
What is the remainder when 105364046 is divided by 52682017?
12
What is the remainder when 623318805 is divided by 696?
693
Calculate the remainder when 258235 is divided by 258234.
1
What is the remainder when 8663331 is divided by 14?
5
What is the remainder when 3820205 is divided by 1677?
1676
What is the remainder when 4811884 is divided by 91?
77
What is the remainder when 1474422 is divided by 770?
642
Calculate the remainder when 1432809 is divided by 151.
121
What is the remainder when 18457158 is divided by 43?
10
What is the remainder when 1842368 is divided by 368464?
48
Calculate the remainder when 145666 is divided by 1518.
1456
Calculate the remainder when 2909241 is divided by 6.
3
What is the remainder when 86307 is divided by 1182?
21
Calculate the remainder when 896674 is divided by 448297.
80
Calculate the remainder when 203835 is divided by 182.
177
What is the remainder when 1419019 is divided by 8545?
549
What is the remainder when 59730 is divided by 7126?
2722
Calculate the remainder when 1849591 is divided by 1105.
926
Calculate the remainder when 962214 is divided by 323.
320
What is the remainder when 275683 is divided by 137774?
135
Calculate the remainder when 315241 is divided by 10505.
91
What is the remainder when 581019 is divided by 1525?
1519
What is the remainder when 6312402 is divided by 22464?
18
What is the remainder when 10147858 is divided by 53?
1
Calculate the remainder when 6356208 is divided by 1589051.
4
Calculate the remainder when 16163200 is divided by 26.
14
Calculate the remainder when 1081475 is divided by 37292.